composite?
False
Is 276209 prime?
True
Is 138477099 prime?
False
Is 67356097 a composite number?
False
Is 3893597 composite?
False
Is 74671331 prime?
False
Is 16095418 prime?
False
Is 632771 a composite number?
True
Is 413663 a composite number?
True
Is 115714941 prime?
False
Is 293257 composite?
False
Is 10803929 composite?
True
Is 39380461 prime?
True
Is 23625857 a composite number?
False
Is 21982313 composite?
False
Is 15515471 a prime number?
True
Is 1304477 composite?
False
Is 16473959 composite?
False
Is 3081263 a composite number?
True
Is 52632061 prime?
True
Is 31580149 a prime number?
True
Is 2335637 a prime number?
True
Is 326365474 a prime number?
False
Is 7019957 composite?
True
Is 119616853 prime?
True
Is 247841 a prime number?
False
Is 687377 prime?
False
Is 330291667 a prime number?
True
Is 243388871 prime?
False
Is 6985579 a composite number?
False
Is 7324273 composite?
True
Is 795071 prime?
True
Is 208382693 a prime number?
False
Is 46346555 a prime number?
False
Is 83655701 a composite number?
True
Is 48996901 prime?
True
Is 1968079 prime?
True
Is 7133207 composite?
False
Is 3510701 prime?
True
Is 593832209 a prime number?
True
Is 2421226 prime?
False
Is 1205747 prime?
False
Is 89173 prime?
False
Is 11326579 a prime number?
False
Is 1630982 a composite number?
True
Is 16802083 a composite number?
True
Is 177325529 a prime number?
True
Is 807689 a composite number?
False
Is 265677569 a composite number?
True
Is 118148413 prime?
False
Is 25564991 composite?
True
Is 734076329 composite?
True
Is 7090327 composite?
False
Is 26396723 a composite number?
False
Is 6073307 composite?
False
Is 115478413 a composite number?
True
Is 46906789 prime?
False
Is 53372233 composite?
False
Is 295199 prime?
True
Is 33604729 composite?
False
Is 9463427 prime?
True
Is 111398099 a composite number?
True
Is 18933679 a composite number?
False
Is 53474969 prime?
False
Is 208455161 a prime number?
False
Is 4045061 prime?
False
Is 15404563 prime?
True
Is 31415971 a prime number?
True
Is 5161946 prime?
False
Is 505069 prime?
False
Is 21530546 composite?
True
Is 224348873 prime?
False
Is 238046891 prime?
True
Is 121021921 a prime number?
False
Is 25243007 prime?
True
Is 336941 composite?
True
Is 74593495 composite?
True
Is 102779563 a prime number?
True
Is 22896571 a composite number?
False
Is 1704619 composite?
True
Is 13747313 prime?
False
Is 30980161 a composite number?
False
Is 19275983 composite?
False
Is 14096057 a composite number?
False
Is 350839 a composite number?
True
Is 5439361 a composite number?
False
Is 24211379 composite?
False
Is 7069267 composite?
False
Is 11269099 a composite number?
False
Is 26473 prime?
False
Is 437213 composite?
True
Is 284543139 a composite number?
True
Is 242243 composite?
False
Is 185993 a prime number?
True
Is 563161979 prime?
True
Is 6837181 a composite number?
True
Is 1733961817 a prime number?
False
Is 1505653 a prime number?
False
Is 5172221 composite?
False
Is 149537279 a prime number?
True
Is 1847363 a composite number?
True
Is 508416607 a prime number?
True
Is 44399617 prime?
True
Is 5861561 a composite number?
True
Is 556174 a composite number?
True
Is 1019023 prime?
True
Is 2048783 a composite number?
True
Is 234443 a composite number?
True
Is 1999957 a composite number?
False
Is 15935893 composite?
False
Is 4745311 composite?
True
Is 3910853 a composite number?
True
Is 129871811 prime?
True
Is 2061667 a composite number?
False
Is 1697023 a composite number?
True
Is 15039763 composite?
False
Is 11354987 a composite number?
True
Is 16032427 prime?
True
Is 415343 composite?
False
Is 981803 a composite number?
True
Is 10923929 a prime number?
True
Is 18789621 a composite number?
True
Is 1424207 composite?
True
Is 133139 prime?
False
Is 43933531 prime?
False
Is 4488223 composite?
True
Is 349101471 a composite number?
True
Is 4425293 a prime number?
True
Is 125942807 a composite number?
False
Is 14527351 composite?
True
Is 3850057 composite?
True
Is 26278543 a composite number?
True
Is 277157771 composite?
True
Is 3455861 composite?
False
Is 5019007 a prime number?
False
Is 1227763 a prime number?
False
Is 1015883 prime?
False
Is 2101151 a prime number?
False
Is 100992503 a prime number?
True
Is 3435001 a composite number?
True
Is 38933269 a composite number?
False
Is 173021 a prime number?
True
Is 1328069 prime?
False
Is 3306497 composite?
True
Is 15723511 a prime number?
False
Is 3312139 prime?
True
Is 119679103 a prime number?
True
Is 29216587 a composite number?
True
Is 85781 prime?
True
Is 89713439 a composite number?
False
Is 3479249 composite?
False
Is 38753167 a composite number?
False
Is 323369663 composite?
True
Is 20793269 a composite number?
True
Is 55857479 composite?
True
Is 44127133 a prime number?
False
Is 274511309 a composite number?
False
Is 59881117 a composite number?
False
Is 7315499 composite?
False
Is 26825563 a prime number?
True
Is 11547461 a prime number?
True
Is 262013 composite?
True
Is 9153113 a prime number?
False
Is 24395621 composite?
True
Is 68050321 prime?
True
Is 108921 composite?
True
Is 802201 composite?
True
Is 32119877 a composite number?
False
Is 248645291 a composite number?
True
Is 59897 prime?
False
Is 464759507 a prime number?
True
Is 11806189 a composite number?
False
Is 339613 a composite number?
False
Is 43295669 composite?
True
Is 2093101 composite?
False
Is 763450945 prime?
False
Is 518869301 a prime number?
True
Is 47785085 composite?
True
Is 1092989221 a composite number?
False
Is 51160387 prime?
True
Is 727253 composite?
True
Is 7309739 a prime number?
False
Is 10396429 prime?
True
Is 475580143 a composite number?
False
Is 34341041 composite?
True
Is 290178589 composite?
False
Is 120716629 prime?
False
Is 29826893 a prime number?
True
Is 13164881 prime?
True
Is 53718559 composite?
True
Is 2487703 composite?
True
Is 29974031 a composite number?
False
Is 2029673 prime?
False
Is 115360181 a prime number?
False
Is 1468387 prime?
True
Is 1660357 a prime number?
True
Is 118788379 composite?
True
Is 5428211 prime?
True
Is 16703747 composite?
False
Is 360160601 a composite number?
False
Is 24378359 a composite number?
False
Is 13097257 a prime number?
True
Is 28370957 prime?
True
Is 850483 composite?
True
Is 1417679 prime?
True
Is 56854261 a prime number?
False
Is 21858433 a prime number?
False
Is 39825635 a prime number?
False
Is 5407619 a composite number?
True
Is 17043701 a composite number?
False
Is 9344261 prime?
True
Is 1652267 prime?
True
Is 525877887 a prime number?
False
Is 42374711 composite?
True
Is 24865681 a composite number?
True
Is 1604257 composite?
True
Is 31440511 a prime number?
False
Is 25439 composite?
False
Is 6424477 composite?
True
Is 3206993 prime?
True
Is 112609859 a composite number?
False
Is 200606227 a composite number?
False
Is 268178653 a prime number?
True
Is 212094667 composite?
True
Is 2480433373 a prime number?
False
Is 554557 a composite number?
True
Is 50968427 prime?
True
Is 19111349 composite?
True
Is 31781759 prime?
False
Is 2884179 prime?
False
Is 78715933 prime?
False
Is 128369971 a composite number?
False
Is 495082271 a composite number?
False
Is 44409187 composite?
True
Is 194900149 a prime number?
False
Is 5969303 a composite number?
True
Is 3932741 composite?
False
Is 568621 a composite number?
True
Is 2868973 prime?
False
Is 3873209 prime?
True
Is 66489069 a prime number?
False
Is 5336293 composite?
True
Is 13983587 composite?
False
Is 12551515 a composite number?
True
Is 5169643 a composite number?
False
Is 16751783 a composite number?
True
Is 792129449 composite?
True
Is 356213407 prime?
False
Is 479608457 composite?
False
Is 5004969 prime?
False
Is 29508343 a prime number?
True
Is 1609033 a composite number?
True
Is 26901071 a composite number?
True
Is 9856697 a prime number?
True
Is 7666927 composite?
True
Is 75440137 a composite number?
False
Is 34781599 a composite number?
False
Is 1378187 composite?
False
Is 188943 prime?
False
Is 119317829 prime?
True
Is 59791607 a composite number?
False
Is 1757083 a composite number?
False
Is 2481709 composite?
False
Is 1062251 composite?
False
Is 21339445 composite?
True
Is 5267381 composite?
True
Is 735419 prime?
True
Is 5933041 composite?
False
Is 1008769 composite?
T